{"id":31,"date":"2020-04-13T11:18:52","date_gmt":"2020-04-13T18:18:52","guid":{"rendered":"https:\/\/localhost\/wordpress\/about\/"},"modified":"2021-06-07T23:00:03","modified_gmt":"2021-06-08T06:00:03","slug":"about","status":"publish","type":"page","link":"https:\/\/pronatura-noroeste.org\/cursos\/about\/","title":{"rendered":"Acerca"},"content":{"rendered":"\t\t<div data-elementor-type=\"wp-page\" data-elementor-id=\"31\" class=\"elementor elementor-31\">\n\t\t\t\t\t\t<section class=\"elementor-section elementor-top-section elementor-element elementor-element-236bb8e elementor-section-boxed elementor-section-height-default elementor-section-height-default\" data-id=\"236bb8e\" data-element_type=\"section\">\n\t\t\t\t\t\t<div class=\"elementor-container elementor-column-gap-default\">\n\t\t\t\t\t<div class=\"elementor-column elementor-col-100 elementor-top-column elementor-element elementor-element-d112bb8\" data-id=\"d112bb8\" data-element_type=\"column\">\n\t\t\t<div class=\"elementor-widget-wrap elementor-element-populated\">\n\t\t\t\t\t\t<div class=\"elementor-element elementor-element-194113d elementor-widget elementor-widget-text-editor\" data-id=\"194113d\" data-element_type=\"widget\" data-widget_type=\"text-editor.default\">\n\t\t\t\t<div class=\"elementor-widget-container\">\n\t\t\t\t\t\t\t\t\t<h2><strong>En esta plataforma podr\u00e1s encontrar cursos y talleres sobre temas espec\u00edficos que trabaja Pronatura Noroeste, revisa los detalles de cada uno para conocer c\u00f3mo puedes participar.\u00a0<\/strong><\/h2>\t\t\t\t\t\t\t\t<\/div>\n\t\t\t\t<\/div>\n\t\t\t\t<div class=\"elementor-element elementor-element-02f92b9 elementor-widget elementor-widget-text-editor\" data-id=\"02f92b9\" data-element_type=\"widget\" data-widget_type=\"text-editor.default\">\n\t\t\t\t<div class=\"elementor-widget-container\">\n\t\t\t\t\t\t\t\t\t<p><span style=\"font-weight: 400;\">Tambi\u00e9n alojaremos pl\u00e1ticas y talleres impartidas de manera virtual por integrantes de nuestro staff, con el objetivo de que puedas acceder a los materiales, como son el video de la pl\u00e1tica, presentaci\u00f3n y material de consulta.\u00a0<\/span><\/p>\t\t\t\t\t\t\t\t<\/div>\n\t\t\t\t<\/div>\n\t\t\t\t<div class=\"elementor-element elementor-element-b7c7f95 elementor-widget elementor-widget-text-editor\" data-id=\"b7c7f95\" data-element_type=\"widget\" data-widget_type=\"text-editor.default\">\n\t\t\t\t<div class=\"elementor-widget-container\">\n\t\t\t\t\t\t\t\t\t<p><span style=\"font-weight: 400;\">S\u00edguenos en redes sociales para mantenerte informado de nuestros nuevos talleres y cursos.<\/span><\/p>\t\t\t\t\t\t\t\t<\/div>\n\t\t\t\t<\/div>\n\t\t\t\t\t<\/div>\n\t\t<\/div>\n\t\t\t\t\t<\/div>\n\t\t<\/section>\n\t\t\t\t<\/div>\n\t\t","protected":false},"excerpt":{"rendered":"<p>En esta plataforma podr\u00e1s encontrar cursos y talleres sobre temas espec\u00edficos que trabaja Pronatura Noroeste, revisa los detalles de cada uno para conocer c\u00f3mo puedes participar.\u00a0 Tambi\u00e9n alojaremos pl\u00e1ticas y &hellip; <\/p>\n","protected":false},"author":1,"featured_media":0,"parent":0,"menu_order":0,"comment_status":"closed","ping_status":"closed","template":"","meta":{"_uf_show_specific_survey":0,"_uf_disable_surveys":false,"footnotes":""},"class_list":["post-31","page","type-page","status-publish","hentry"],"aioseo_notices":[],"_links":{"self":[{"href":"https:\/\/pronatura-noroeste.org\/cursos\/wp-json\/wp\/v2\/pages\/31","targetHints":{"allow":["GET"]}}],"collection":[{"href":"https:\/\/pronatura-noroeste.org\/cursos\/wp-json\/wp\/v2\/pages"}],"about":[{"href":"https:\/\/pronatura-noroeste.org\/cursos\/wp-json\/wp\/v2\/types\/page"}],"author":[{"embeddable":true,"href":"https:\/\/pronatura-noroeste.org\/cursos\/wp-json\/wp\/v2\/users\/1"}],"replies":[{"embeddable":true,"href":"https:\/\/pronatura-noroeste.org\/cursos\/wp-json\/wp\/v2\/comments?post=31"}],"version-history":[{"count":10,"href":"https:\/\/pronatura-noroeste.org\/cursos\/wp-json\/wp\/v2\/pages\/31\/revisions"}],"predecessor-version":[{"id":1594,"href":"https:\/\/pronatura-noroeste.org\/cursos\/wp-json\/wp\/v2\/pages\/31\/revisions\/1594"}],"wp:attachment":[{"href":"https:\/\/pronatura-noroeste.org\/cursos\/wp-json\/wp\/v2\/media?parent=31"}],"curies":[{"name":"wp","href":"https:\/\/api.w.org\/{rel}","templated":true}]}}