{"id":1067,"date":"2021-05-28T17:35:24","date_gmt":"2021-05-29T00:35:24","guid":{"rendered":"https:\/\/localhost\/wordpress\/?page_id=1067"},"modified":"2023-07-13T12:39:27","modified_gmt":"2023-07-13T19:39:27","slug":"home","status":"publish","type":"page","link":"https:\/\/pronatura-noroeste.org\/cursos\/","title":{"rendered":"Inicio"},"content":{"rendered":"\t\t<div data-elementor-type=\"wp-page\" data-elementor-id=\"1067\" class=\"elementor elementor-1067\">\n\t\t\t\t\t\t<section class=\"elementor-section elementor-top-section elementor-element elementor-element-721be8e elementor-section-stretched elementor-section-boxed elementor-section-height-default elementor-section-height-default\" data-id=\"721be8e\" data-element_type=\"section\" data-settings=\"{&quot;stretch_section&quot;:&quot;section-stretched&quot;,&quot;background_background&quot;:&quot;slideshow&quot;,&quot;background_slideshow_gallery&quot;:[],&quot;background_slideshow_loop&quot;:&quot;yes&quot;,&quot;background_slideshow_slide_duration&quot;:5000,&quot;background_slideshow_slide_transition&quot;:&quot;fade&quot;,&quot;background_slideshow_transition_duration&quot;:500}\">\n\t\t\t\t\t\t<div class=\"elementor-container elementor-column-gap-default\">\n\t\t\t\t\t<div class=\"elementor-column elementor-col-100 elementor-top-column elementor-element elementor-element-2be18db\" data-id=\"2be18db\" data-element_type=\"column\">\n\t\t\t<div class=\"elementor-widget-wrap elementor-element-populated\">\n\t\t\t\t\t\t<div class=\"elementor-element elementor-element-ff5bc74 elementor-widget__width-inherit elementor-widget elementor-widget-shortcode\" data-id=\"ff5bc74\" data-element_type=\"widget\" data-widget_type=\"shortcode.default\">\n\t\t\t\t<div class=\"elementor-widget-container\">\n\t\t\t\t\t\t\t<div class=\"elementor-shortcode\">\n\t\t\t<!-- START slider REVOLUTION SLIDER 6.7.18 --><p class=\"rs-p-wp-fix\"><\/p>\n\t\t\t<rs-module-wrap id=\"rev_slider_1_1_wrapper\" data-source=\"gallery\" style=\"visibility:hidden;background:transparent;padding:0;margin:0px auto;margin-top:0;margin-bottom:0;\">\n\t\t\t\t<rs-module id=\"rev_slider_1_1\" style=\"\" data-version=\"6.7.18\">\n\t\t\t\t\t<rs-slides style=\"overflow: hidden; position: absolute;\">\n\t\t\t\t\t\t<rs-slide style=\"position: absolute;\" data-key=\"rs-1\" data-title=\"Slide\" data-anim=\"adpr:false;\" data-in=\"o:0;\" data-out=\"a:false;\">\n\t\t\t\t\t\t\t<img fetchpriority=\"high\" decoding=\"async\" src=\"\/\/pronatura-noroeste.org\/cursos\/wp-content\/plugins\/revslider\/sr6\/assets\/assets\/dummy.png\" alt=\"\" title=\"banner_home\" width=\"1920\" height=\"1080\" class=\"rev-slidebg tp-rs-img rs-lazyload\" data-lazyload=\"\/\/pronatura-noroeste.org\/cursos\/wp-content\/uploads\/2021\/06\/banner_home.png\" data-no-retina>\n<!--\n\t\t\t\t\t\t\t--><rs-layer\n\t\t\t\t\t\t\t\tid=\"slider-1-slide-1-layer-0\" \n\t\t\t\t\t\t\t\tdata-type=\"text\"\n\t\t\t\t\t\t\t\tdata-color=\"#fff\"\n\t\t\t\t\t\t\t\tdata-rsp_ch=\"on\"\n\t\t\t\t\t\t\t\tdata-xy=\"x:c;xo:0,0,0,2px;y:m;yo:0,0,0,17px;\"\n\t\t\t\t\t\t\t\tdata-text=\"w:normal;s:32,26,26,14;l:32,26,26,16;fw:900;a:center;\"\n\t\t\t\t\t\t\t\tdata-dim=\"minh:0px,none,0px,none;\"\n\t\t\t\t\t\t\t\tdata-frame_999=\"o:0;st:w;\"\n\t\t\t\t\t\t\t\tstyle=\"z-index:5;font-family:'cosmo';text-transform:uppercase;\"\n\t\t\t\t\t\t\t>Plataforma de Cursos y Talleres de Pronatura Noroeste \n\t\t\t\t\t\t\t<\/rs-layer><!--\n\n\t\t\t\t\t\t\t--><rs-layer\n\t\t\t\t\t\t\t\tid=\"slider-1-slide-1-layer-1\" \n\t\t\t\t\t\t\t\tdata-type=\"text\"\n\t\t\t\t\t\t\t\tdata-rsp_ch=\"on\"\n\t\t\t\t\t\t\t\tdata-xy=\"x:c;yo:491px,405px,405px,189px;\"\n\t\t\t\t\t\t\t\tdata-text=\"w:normal;s:26,21,21,16;l:26,21,21,16;\"\n\t\t\t\t\t\t\t\tdata-frame_999=\"o:0;st:w;\"\n\t\t\t\t\t\t\t\tstyle=\"z-index:10;font-family:'cosmo';\"\n\t\t\t\t\t\t\t>Explora los diferentes materiales que tenemos disponibles para ti.<br \/>\n \n\t\t\t\t\t\t\t<\/rs-layer><!--\n\n\t\t\t\t\t\t\t--><a\n\t\t\t\t\t\t\t\tid=\"slider-1-slide-1-layer-3\" \n\t\t\t\t\t\t\t\tclass=\"rs-layer rev-btn\"\n\t\t\t\t\t\t\t\thref=\"https:\/\/pronatura-noroeste.org\/cursos\/courses\/\" target=\"_self\"\n\t\t\t\t\t\t\t\tdata-type=\"button\"\n\t\t\t\t\t\t\t\tdata-rsp_ch=\"on\"\n\t\t\t\t\t\t\t\tdata-xy=\"x:c;xo:0,0,0,4px;yo:581px,479px,479px,249px;\"\n\t\t\t\t\t\t\t\tdata-text=\"w:normal;s:20,16,16,20;l:55,45,45,24;fw:500;\"\n\t\t\t\t\t\t\t\tdata-dim=\"minh:0px,none,0px,none;\"\n\t\t\t\t\t\t\t\tdata-padding=\"r:50,41,41,19;l:50,41,41,19;\"\n\t\t\t\t\t\t\t\tdata-border=\"bor:3px,3px,3px,3px;\"\n\t\t\t\t\t\t\t\tdata-frame_999=\"o:0;st:w;\"\n\t\t\t\t\t\t\t\tdata-frame_hover=\"bgc:#007aff;bor:3px,3px,3px,3px;sp:100;e:power1.inOut;bri:120%;\"\n\t\t\t\t\t\t\t\tstyle=\"z-index:7;background-color:#007aff;font-family:'cosmo';\"\n\t\t\t\t\t\t\t>Cursos disponibles \n\t\t\t\t\t\t\t<\/a><!--\n\n\t\t\t\t\t\t\t--><rs-layer\n\t\t\t\t\t\t\t\tid=\"slider-1-slide-1-layer-5\" \n\t\t\t\t\t\t\t\tdata-type=\"text\"\n\t\t\t\t\t\t\t\tdata-rsp_ch=\"on\"\n\t\t\t\t\t\t\t\tdata-xy=\"x:c;yo:313px,258px,258px,120px;\"\n\t\t\t\t\t\t\t\tdata-text=\"w:normal;s:34,28,28,18;l:25,20,20,20;a:right;\"\n\t\t\t\t\t\t\t\tdata-frame_999=\"o:0;st:w;\"\n\t\t\t\t\t\t\t\tstyle=\"z-index:9;font-family:'cosmo';\"\n\t\t\t\t\t\t\t>Bienvenido \n\t\t\t\t\t\t\t<\/rs-layer><!--\n\n\t\t\t\t\t\t\t--><a\n\t\t\t\t\t\t\t\tid=\"slider-1-slide-1-layer-6\" \n\t\t\t\t\t\t\t\tclass=\"rs-layer rev-btn\"\n\t\t\t\t\t\t\t\thref=\"https:\/\/www.pronatura-noroeste.org\/\" target=\"_blank\" rel=\"noopener\"\n\t\t\t\t\t\t\t\tdata-type=\"button\"\n\t\t\t\t\t\t\t\tdata-rsp_ch=\"on\"\n\t\t\t\t\t\t\t\tdata-xy=\"x:c;xo:0,0,0,4px;yo:670px,553px,553px,305px;\"\n\t\t\t\t\t\t\t\tdata-text=\"w:normal;s:20,16,16,20;l:55,45,45,24;fw:500;\"\n\t\t\t\t\t\t\t\tdata-dim=\"minh:0px,none,0px,none;\"\n\t\t\t\t\t\t\t\tdata-padding=\"r:50,41,41,19;l:50,41,41,19;\"\n\t\t\t\t\t\t\t\tdata-border=\"bor:3px,3px,3px,3px;\"\n\t\t\t\t\t\t\t\tdata-frame_999=\"o:0;st:w;\"\n\t\t\t\t\t\t\t\tdata-frame_hover=\"bgc:#007aff;bor:3px,3px,3px,3px;sp:100;e:power1.inOut;bri:120%;\"\n\t\t\t\t\t\t\t\tstyle=\"z-index:7;background-color:#8e8e93;font-family:'cosmo';\"\n\t\t\t\t\t\t\t>Sitio Pronatura Noroeste \n\t\t\t\t\t\t\t<\/a><!--\n-->\t\t\t\t\t<\/rs-slide>\n\t\t\t\t\t<\/rs-slides>\n\t\t\t\t<\/rs-module>\n\t\t\t\t<script>\n\t\t\t\t\tsetREVStartSize({c: 'rev_slider_1_1',rl:[1240,1024,1024,480],el:[800,768,768,720],gw:[1240,1024,1024,480],gh:[800,768,768,720],type:'hero',justify:'',layout:'fullwidth',mh:\"0\"});if (window.RS_MODULES!==undefined && window.RS_MODULES.modules!==undefined && window.RS_MODULES.modules[\"revslider11\"]!==undefined) {window.RS_MODULES.modules[\"revslider11\"].once = false;window.revapi1 = undefined;if (window.RS_MODULES.checkMinimal!==undefined) window.RS_MODULES.checkMinimal()}\n\t\t\t\t<\/script>\n\t\t\t<\/rs-module-wrap>\n\t\t\t<!-- END REVOLUTION SLIDER -->\n<\/div>\n\t\t\t\t\t\t<\/div>\n\t\t\t\t<\/div>\n\t\t\t\t\t<\/div>\n\t\t<\/div>\n\t\t\t\t\t<\/div>\n\t\t<\/section>\n\t\t\t\t<section class=\"elementor-section elementor-top-section elementor-element elementor-element-2bfc680 elementor-section-full_width elementor-section-height-default elementor-section-height-default\" data-id=\"2bfc680\" data-element_type=\"section\">\n\t\t\t\t\t\t<div class=\"elementor-container elementor-column-gap-default\">\n\t\t\t\t\t<div class=\"elementor-column elementor-col-100 elementor-top-column elementor-element elementor-element-2201a19\" data-id=\"2201a19\" data-element_type=\"column\">\n\t\t\t<div class=\"elementor-widget-wrap elementor-element-populated\">\n\t\t\t\t\t\t<div class=\"elementor-element elementor-element-e6caa62 elementor-widget__width-inherit elementor-widget elementor-widget-thim-heading\" data-id=\"e6caa62\" data-element_type=\"widget\" data-widget_type=\"thim-heading.default\">\n\t\t\t\t<div class=\"elementor-widget-container\">\n\t\t\t\t\t<div class=\"thim-widget-heading template-base\"><div class=\"sc_heading   text-center\"><h2 class=\"title\">Cursos disponibles<\/h2><p class=\"sub-heading\" style=\"\">Recuerda registrarte para tomar un curso<\/p><\/div><\/div>\t\t\t\t<\/div>\n\t\t\t\t<\/div>\n\t\t\t\t\t<\/div>\n\t\t<\/div>\n\t\t\t\t\t<\/div>\n\t\t<\/section>\n\t\t\t\t<section class=\"elementor-section elementor-top-section elementor-element elementor-element-7bc6c58 elementor-section-boxed elementor-section-height-default elementor-section-height-default\" data-id=\"7bc6c58\" data-element_type=\"section\">\n\t\t\t\t\t\t<div class=\"elementor-container elementor-column-gap-default\">\n\t\t\t\t\t<div class=\"elementor-column elementor-col-100 elementor-top-column elementor-element elementor-element-9fdbd62\" data-id=\"9fdbd62\" data-element_type=\"column\">\n\t\t\t<div class=\"elementor-widget-wrap elementor-element-populated\">\n\t\t\t\t\t\t<div class=\"elementor-element elementor-element-3d5988a elementor-widget__width-inherit elementor-widget elementor-widget-thim-heading\" data-id=\"3d5988a\" data-element_type=\"widget\" data-widget_type=\"thim-heading.default\">\n\t\t\t\t<div class=\"elementor-widget-container\">\n\t\t\t\t\t<div class=\"thim-widget-heading template-base\"><div class=\"sc_heading   text-center\"><h2 class=\"title\">Temas de los cursos<\/h2><span class=\"line\"><\/span><\/div><\/div>\t\t\t\t<\/div>\n\t\t\t\t<\/div>\n\t\t\t\t\t<\/div>\n\t\t<\/div>\n\t\t\t\t\t<\/div>\n\t\t<\/section>\n\t\t\t\t<section class=\"elementor-section elementor-top-section elementor-element elementor-element-d865543 elementor-reverse-mobile elementor-section-boxed elementor-section-height-default elementor-section-height-default\" data-id=\"d865543\" data-element_type=\"section\">\n\t\t\t\t\t\t<div class=\"elementor-container elementor-column-gap-default\">\n\t\t\t\t\t<div class=\"elementor-column elementor-col-50 elementor-top-column elementor-element elementor-element-1aed25f\" data-id=\"1aed25f\" data-element_type=\"column\">\n\t\t\t<div class=\"elementor-widget-wrap elementor-element-populated\">\n\t\t\t\t\t\t<div class=\"elementor-element elementor-element-e03d3c9 elementor-widget elementor-widget-heading\" data-id=\"e03d3c9\" data-element_type=\"widget\" data-widget_type=\"heading.default\">\n\t\t\t\t<div class=\"elementor-widget-container\">\n\t\t\t\t\t<h2 class=\"elementor-heading-title elementor-size-default\">Conservaci\u00f3n de Aves<\/h2>\t\t\t\t<\/div>\n\t\t\t\t<\/div>\n\t\t\t\t<div class=\"elementor-element elementor-element-7c00c90 elementor-widget elementor-widget-text-editor\" data-id=\"7c00c90\" data-element_type=\"widget\" data-widget_type=\"text-editor.default\">\n\t\t\t\t<div class=\"elementor-widget-container\">\n\t\t\t\t\t\t\t\t\t<p style=\"text-align: justify;\"><span style=\"font-weight: 400;\">Pronatura Noroeste, en alianza con la Universidad Aut\u00f3noma de Baja California Sur, implementa acciones de conservaci\u00f3n de las aves marinas y playeras que residen o invernan en los humedales del noroeste de M\u00e9xico.\u00a0<\/span><\/p><p style=\"text-align: center;\"><span style=\"font-weight: 400;\">\u00a1Inf\u00f3rmate y apoya\u00a0 su conservaci\u00f3n!<\/span><\/p>\t\t\t\t\t\t\t\t<\/div>\n\t\t\t\t<\/div>\n\t\t\t\t\t<\/div>\n\t\t<\/div>\n\t\t\t\t<div class=\"elementor-column elementor-col-50 elementor-top-column elementor-element elementor-element-99f6998\" data-id=\"99f6998\" data-element_type=\"column\">\n\t\t\t<div class=\"elementor-widget-wrap elementor-element-populated\">\n\t\t\t\t\t\t<div class=\"elementor-element elementor-element-995a584 elementor-widget elementor-widget-image\" data-id=\"995a584\" data-element_type=\"widget\" data-widget_type=\"image.default\">\n\t\t\t\t<div class=\"elementor-widget-container\">\n\t\t\t\t\t\t\t\t\t\t\t\t\t\t\t<img decoding=\"async\" width=\"640\" height=\"425\" src=\"https:\/\/pronatura-noroeste.org\/cursos\/wp-content\/uploads\/2021\/06\/avess-1024x680.jpg\" class=\"attachment-large size-large wp-image-1606\" alt=\"\" srcset=\"https:\/\/pronatura-noroeste.org\/cursos\/wp-content\/uploads\/2021\/06\/avess-1024x680.jpg 1024w, https:\/\/pronatura-noroeste.org\/cursos\/wp-content\/uploads\/2021\/06\/avess-300x199.jpg 300w, https:\/\/pronatura-noroeste.org\/cursos\/wp-content\/uploads\/2021\/06\/avess-768x510.jpg 768w, https:\/\/pronatura-noroeste.org\/cursos\/wp-content\/uploads\/2021\/06\/avess-1536x1020.jpg 1536w, https:\/\/pronatura-noroeste.org\/cursos\/wp-content\/uploads\/2021\/06\/avess-497x330.jpg 497w, https:\/\/pronatura-noroeste.org\/cursos\/wp-content\/uploads\/2021\/06\/avess-270x180.jpg 270w, https:\/\/pronatura-noroeste.org\/cursos\/wp-content\/uploads\/2021\/06\/avess.jpg 2048w\" sizes=\"(max-width: 640px) 100vw, 640px\" \/>\t\t\t\t\t\t\t\t\t\t\t\t\t\t\t<\/div>\n\t\t\t\t<\/div>\n\t\t\t\t\t<\/div>\n\t\t<\/div>\n\t\t\t\t\t<\/div>\n\t\t<\/section>\n\t\t\t\t<section class=\"elementor-section elementor-top-section elementor-element elementor-element-6986f14 elementor-section-boxed elementor-section-height-default elementor-section-height-default\" data-id=\"6986f14\" data-element_type=\"section\">\n\t\t\t\t\t\t<div class=\"elementor-container elementor-column-gap-no\">\n\t\t\t\t\t<div class=\"elementor-column elementor-col-50 elementor-top-column elementor-element elementor-element-a766e3d\" data-id=\"a766e3d\" data-element_type=\"column\">\n\t\t\t<div class=\"elementor-widget-wrap elementor-element-populated\">\n\t\t\t\t\t\t<div class=\"elementor-element elementor-element-c062e41 elementor-widget elementor-widget-image\" data-id=\"c062e41\" data-element_type=\"widget\" data-widget_type=\"image.default\">\n\t\t\t\t<div class=\"elementor-widget-container\">\n\t\t\t\t\t\t\t\t\t\t\t\t\t\t\t<img decoding=\"async\" width=\"640\" height=\"427\" src=\"https:\/\/pronatura-noroeste.org\/cursos\/wp-content\/uploads\/2021\/06\/pesca-scaled-1024x683.jpg\" class=\"attachment-large size-large wp-image-1604\" alt=\"\" srcset=\"https:\/\/pronatura-noroeste.org\/cursos\/wp-content\/uploads\/2021\/06\/pesca-scaled-1024x683.jpg 1024w, https:\/\/pronatura-noroeste.org\/cursos\/wp-content\/uploads\/2021\/06\/pesca-scaled-300x200.jpg 300w, https:\/\/pronatura-noroeste.org\/cursos\/wp-content\/uploads\/2021\/06\/pesca-768x512.jpg 768w, https:\/\/pronatura-noroeste.org\/cursos\/wp-content\/uploads\/2021\/06\/pesca-scaled-1536x1024.jpg 1536w, https:\/\/pronatura-noroeste.org\/cursos\/wp-content\/uploads\/2021\/06\/pesca-scaled-2048x1366.jpg 2048w, https:\/\/pronatura-noroeste.org\/cursos\/wp-content\/uploads\/2021\/06\/pesca-scaled-495x330.jpg 495w, https:\/\/pronatura-noroeste.org\/cursos\/wp-content\/uploads\/2021\/06\/pesca-270x180.jpg 270w\" sizes=\"(max-width: 640px) 100vw, 640px\" \/>\t\t\t\t\t\t\t\t\t\t\t\t\t\t\t<\/div>\n\t\t\t\t<\/div>\n\t\t\t\t\t<\/div>\n\t\t<\/div>\n\t\t\t\t<div class=\"elementor-column elementor-col-50 elementor-top-column elementor-element elementor-element-8000e7c\" data-id=\"8000e7c\" data-element_type=\"column\">\n\t\t\t<div class=\"elementor-widget-wrap elementor-element-populated\">\n\t\t\t\t\t\t<div class=\"elementor-element elementor-element-aec18dd elementor-widget elementor-widget-heading\" data-id=\"aec18dd\" data-element_type=\"widget\" data-widget_type=\"heading.default\">\n\t\t\t\t<div class=\"elementor-widget-container\">\n\t\t\t\t\t<h2 class=\"elementor-heading-title elementor-size-default\">Conservaci\u00f3n Marina y Pesca sostenible<\/h2>\t\t\t\t<\/div>\n\t\t\t\t<\/div>\n\t\t\t\t<div class=\"elementor-element elementor-element-8139a75 elementor-widget elementor-widget-text-editor\" data-id=\"8139a75\" data-element_type=\"widget\" data-widget_type=\"text-editor.default\">\n\t\t\t\t<div class=\"elementor-widget-container\">\n\t\t\t\t\t\t\t\t\t<p style=\"text-align: justify;\"><span style=\"text-align: justify;\">Te compartimos pl\u00e1ticas y talleres sobre pesquer\u00edas en el noroeste de M\u00e9xico, \u00c1reas Naturales Protegidas, Gobernanza y Cultura de la legalidad.\u00a0<\/span><\/p>\n<p style=\"text-align: center;\"><span style=\"font-weight: 400;\">\u00a1Conoce e invol\u00facrate en la conservaci\u00f3n de los recursos marinos!\u00a0\u00a0<\/span><\/p>\t\t\t\t\t\t\t\t<\/div>\n\t\t\t\t<\/div>\n\t\t\t\t\t<\/div>\n\t\t<\/div>\n\t\t\t\t\t<\/div>\n\t\t<\/section>\n\t\t\t\t<section class=\"elementor-section elementor-top-section elementor-element elementor-element-19925d6 elementor-reverse-mobile elementor-section-boxed elementor-section-height-default elementor-section-height-default\" data-id=\"19925d6\" data-element_type=\"section\">\n\t\t\t\t\t\t<div class=\"elementor-container elementor-column-gap-no\">\n\t\t\t\t\t<div class=\"elementor-column elementor-col-50 elementor-top-column elementor-element elementor-element-fd2bc14\" data-id=\"fd2bc14\" data-element_type=\"column\">\n\t\t\t<div class=\"elementor-widget-wrap elementor-element-populated\">\n\t\t\t\t\t\t<div class=\"elementor-element elementor-element-17fb47e elementor-widget elementor-widget-heading\" data-id=\"17fb47e\" data-element_type=\"widget\" data-widget_type=\"heading.default\">\n\t\t\t\t<div class=\"elementor-widget-container\">\n\t\t\t\t\t<h2 class=\"elementor-heading-title elementor-size-default\">Contaminaci\u00f3n por Pl\u00e1sticos<\/h2>\t\t\t\t<\/div>\n\t\t\t\t<\/div>\n\t\t\t\t<div class=\"elementor-element elementor-element-d12fda7 elementor-widget elementor-widget-text-editor\" data-id=\"d12fda7\" data-element_type=\"widget\" data-widget_type=\"text-editor.default\">\n\t\t\t\t<div class=\"elementor-widget-container\">\n\t\t\t\t\t\t\t\t\t<p style=\"text-align: justify;\"><span style=\"font-weight: 400;\">La degradaci\u00f3n ambiental alrededor del mundo ha sido evidente en los \u00faltimos a\u00f1os, provocada en su mayor\u00eda por las actividades antropog\u00e9nicas.\u00a0<\/span><\/p><p style=\"text-align: center;\"><span style=\"font-weight: 400;\">\u00a1\u00danete y apoya en las acciones que estamos realizando para disminuir la contaminaci\u00f3n por residuos, en especial pl\u00e1sticos de un solo uso!\u00a0<\/span><\/p>\t\t\t\t\t\t\t\t<\/div>\n\t\t\t\t<\/div>\n\t\t\t\t\t<\/div>\n\t\t<\/div>\n\t\t\t\t<div class=\"elementor-column elementor-col-50 elementor-top-column elementor-element elementor-element-66a74ea\" data-id=\"66a74ea\" data-element_type=\"column\">\n\t\t\t<div class=\"elementor-widget-wrap elementor-element-populated\">\n\t\t\t\t\t\t<div class=\"elementor-element elementor-element-b9b92a7 elementor-widget elementor-widget-image\" data-id=\"b9b92a7\" data-element_type=\"widget\" data-widget_type=\"image.default\">\n\t\t\t\t<div class=\"elementor-widget-container\">\n\t\t\t\t\t\t\t\t\t\t\t\t\t\t\t<img loading=\"lazy\" decoding=\"async\" width=\"640\" height=\"628\" src=\"https:\/\/pronatura-noroeste.org\/cursos\/wp-content\/uploads\/2021\/06\/plastico-1024x1004.png\" class=\"attachment-large size-large wp-image-1605\" alt=\"\" srcset=\"https:\/\/pronatura-noroeste.org\/cursos\/wp-content\/uploads\/2021\/06\/plastico-1024x1004.png 1024w, https:\/\/pronatura-noroeste.org\/cursos\/wp-content\/uploads\/2021\/06\/plastico-300x294.png 300w, https:\/\/pronatura-noroeste.org\/cursos\/wp-content\/uploads\/2021\/06\/plastico-768x753.png 768w, https:\/\/pronatura-noroeste.org\/cursos\/wp-content\/uploads\/2021\/06\/plastico-337x330.png 337w, https:\/\/pronatura-noroeste.org\/cursos\/wp-content\/uploads\/2021\/06\/plastico-184x180.png 184w, https:\/\/pronatura-noroeste.org\/cursos\/wp-content\/uploads\/2021\/06\/plastico.png 1368w\" sizes=\"(max-width: 640px) 100vw, 640px\" \/>\t\t\t\t\t\t\t\t\t\t\t\t\t\t\t<\/div>\n\t\t\t\t<\/div>\n\t\t\t\t\t<\/div>\n\t\t<\/div>\n\t\t\t\t\t<\/div>\n\t\t<\/section>\n\t\t\t\t<section class=\"elementor-section elementor-top-section elementor-element elementor-element-ee3392d elementor-section-boxed elementor-section-height-default elementor-section-height-default\" data-id=\"ee3392d\" data-element_type=\"section\">\n\t\t\t\t\t\t<div class=\"elementor-container elementor-column-gap-no\">\n\t\t\t\t\t<div class=\"elementor-column elementor-col-50 elementor-top-column elementor-element elementor-element-860c0ca\" data-id=\"860c0ca\" data-element_type=\"column\">\n\t\t\t<div class=\"elementor-widget-wrap elementor-element-populated\">\n\t\t\t\t\t\t<div class=\"elementor-element elementor-element-346e36b elementor-widget elementor-widget-image\" data-id=\"346e36b\" data-element_type=\"widget\" data-widget_type=\"image.default\">\n\t\t\t\t<div class=\"elementor-widget-container\">\n\t\t\t\t\t\t\t\t\t\t\t\t\t\t\t<img loading=\"lazy\" decoding=\"async\" width=\"640\" height=\"397\" src=\"https:\/\/pronatura-noroeste.org\/cursos\/wp-content\/uploads\/2021\/06\/tierra-1024x635.png\" class=\"attachment-large size-large wp-image-1608\" alt=\"\" srcset=\"https:\/\/pronatura-noroeste.org\/cursos\/wp-content\/uploads\/2021\/06\/tierra-1024x635.png 1024w, https:\/\/pronatura-noroeste.org\/cursos\/wp-content\/uploads\/2021\/06\/tierra-300x186.png 300w, https:\/\/pronatura-noroeste.org\/cursos\/wp-content\/uploads\/2021\/06\/tierra-768x477.png 768w, https:\/\/pronatura-noroeste.org\/cursos\/wp-content\/uploads\/2021\/06\/tierra-1536x953.png 1536w, https:\/\/pronatura-noroeste.org\/cursos\/wp-content\/uploads\/2021\/06\/tierra-532x330.png 532w, https:\/\/pronatura-noroeste.org\/cursos\/wp-content\/uploads\/2021\/06\/tierra-270x168.png 270w, https:\/\/pronatura-noroeste.org\/cursos\/wp-content\/uploads\/2021\/06\/tierra.png 1913w\" sizes=\"(max-width: 640px) 100vw, 640px\" \/>\t\t\t\t\t\t\t\t\t\t\t\t\t\t\t<\/div>\n\t\t\t\t<\/div>\n\t\t\t\t\t<\/div>\n\t\t<\/div>\n\t\t\t\t<div class=\"elementor-column elementor-col-50 elementor-top-column elementor-element elementor-element-e0169ca\" data-id=\"e0169ca\" data-element_type=\"column\">\n\t\t\t<div class=\"elementor-widget-wrap elementor-element-populated\">\n\t\t\t\t\t\t<div class=\"elementor-element elementor-element-ae04b6f elementor-widget elementor-widget-heading\" data-id=\"ae04b6f\" data-element_type=\"widget\" data-widget_type=\"heading.default\">\n\t\t\t\t<div class=\"elementor-widget-container\">\n\t\t\t\t\t<h2 class=\"elementor-heading-title elementor-size-default\">Conservaci\u00f3n de Tierras Privadas y Sociales<\/h2>\t\t\t\t<\/div>\n\t\t\t\t<\/div>\n\t\t\t\t<div class=\"elementor-element elementor-element-79aa8e6 elementor-widget elementor-widget-text-editor\" data-id=\"79aa8e6\" data-element_type=\"widget\" data-widget_type=\"text-editor.default\">\n\t\t\t\t<div class=\"elementor-widget-container\">\n\t\t\t\t\t\t\t\t\t<p style=\"text-align: justify;\"><span style=\"font-weight: 400;\">Conoce herramientas legales, econ\u00f3micas y jur\u00eddicas para la conservaci\u00f3n de Tierras Privadas y Sociales con alto valor ecol\u00f3gico, manejo del h\u00e1bitat y monitoreo de la vida silvestre.<\/span><\/p><p><span style=\"font-weight: 400;\">\u00a1Invol\u00facrate en la conservaci\u00f3n de los sitios naturales!<\/span><\/p>\t\t\t\t\t\t\t\t<\/div>\n\t\t\t\t<\/div>\n\t\t\t\t\t<\/div>\n\t\t<\/div>\n\t\t\t\t\t<\/div>\n\t\t<\/section>\n\t\t\t\t<section class=\"elementor-section elementor-top-section elementor-element elementor-element-21ee85c elementor-reverse-mobile elementor-section-boxed elementor-section-height-default elementor-section-height-default\" data-id=\"21ee85c\" data-element_type=\"section\">\n\t\t\t\t\t\t<div class=\"elementor-container elementor-column-gap-no\">\n\t\t\t\t\t<div class=\"elementor-column elementor-col-50 elementor-top-column elementor-element elementor-element-96850e6\" data-id=\"96850e6\" data-element_type=\"column\">\n\t\t\t<div class=\"elementor-widget-wrap elementor-element-populated\">\n\t\t\t\t\t\t<div class=\"elementor-element elementor-element-7950bf9 elementor-widget elementor-widget-heading\" data-id=\"7950bf9\" data-element_type=\"widget\" data-widget_type=\"heading.default\">\n\t\t\t\t<div class=\"elementor-widget-container\">\n\t\t\t\t\t<h2 class=\"elementor-heading-title elementor-size-default\">Conservaci\u00f3n de Agua y Humedales<\/h2>\t\t\t\t<\/div>\n\t\t\t\t<\/div>\n\t\t\t\t<div class=\"elementor-element elementor-element-2b010d8 elementor-widget elementor-widget-text-editor\" data-id=\"2b010d8\" data-element_type=\"widget\" data-widget_type=\"text-editor.default\">\n\t\t\t\t<div class=\"elementor-widget-container\">\n\t\t\t\t\t\t\t\t\t<p style=\"text-align: justify;\"><span style=\"font-weight: 400;\">Ent\u00e9rate de las acciones para el manejo, conservaci\u00f3n y restauraci\u00f3n de cuencas hidrol\u00f3gicas, humedales prioritarios y flujos de agua dulce.\u00a0<\/span><\/p>\n<p style=\"text-align: center;\"><span style=\"font-weight: 400;\">\u00a1Aprende sobre temas vinculados a la reforestaci\u00f3n! <\/span><\/p>\t\t\t\t\t\t\t\t<\/div>\n\t\t\t\t<\/div>\n\t\t\t\t\t<\/div>\n\t\t<\/div>\n\t\t\t\t<div class=\"elementor-column elementor-col-50 elementor-top-column elementor-element elementor-element-9d500a9\" data-id=\"9d500a9\" data-element_type=\"column\">\n\t\t\t<div class=\"elementor-widget-wrap elementor-element-populated\">\n\t\t\t\t\t\t<div class=\"elementor-element elementor-element-292bea9 elementor-widget elementor-widget-image\" data-id=\"292bea9\" data-element_type=\"widget\" data-widget_type=\"image.default\">\n\t\t\t\t<div class=\"elementor-widget-container\">\n\t\t\t\t\t\t\t\t\t\t\t\t\t\t\t<img loading=\"lazy\" decoding=\"async\" width=\"640\" height=\"341\" src=\"https:\/\/pronatura-noroeste.org\/cursos\/wp-content\/uploads\/2021\/06\/humedales-1024x546.jpg\" class=\"attachment-large size-large wp-image-1607\" alt=\"\" srcset=\"https:\/\/pronatura-noroeste.org\/cursos\/wp-content\/uploads\/2021\/06\/humedales-1024x546.jpg 1024w, https:\/\/pronatura-noroeste.org\/cursos\/wp-content\/uploads\/2021\/06\/humedales-300x160.jpg 300w, https:\/\/pronatura-noroeste.org\/cursos\/wp-content\/uploads\/2021\/06\/humedales-768x410.jpg 768w, https:\/\/pronatura-noroeste.org\/cursos\/wp-content\/uploads\/2021\/06\/humedales-1536x819.jpg 1536w, https:\/\/pronatura-noroeste.org\/cursos\/wp-content\/uploads\/2021\/06\/humedales-2048x1092.jpg 2048w, https:\/\/pronatura-noroeste.org\/cursos\/wp-content\/uploads\/2021\/06\/humedales-570x304.jpg 570w, https:\/\/pronatura-noroeste.org\/cursos\/wp-content\/uploads\/2021\/06\/humedales-270x144.jpg 270w\" sizes=\"(max-width: 640px) 100vw, 640px\" \/>\t\t\t\t\t\t\t\t\t\t\t\t\t\t\t<\/div>\n\t\t\t\t<\/div>\n\t\t\t\t\t<\/div>\n\t\t<\/div>\n\t\t\t\t\t<\/div>\n\t\t<\/section>\n\t\t\t\t<\/div>\n\t\t","protected":false},"excerpt":{"rendered":"<p>Cursos disponibles Recuerda registrarte para tomar un curso Leer m\u00e1s Ricardo Introducci\u00f3n a la legislaci\u00f3n en \u00c1reas Naturales Protegidas Ricardo Estudiantes 0 student Gratuito Gratuito Leer m\u00e1s Leer m\u00e1s Educaci\u00f3n &hellip; <\/p>\n","protected":false},"author":1,"featured_media":0,"parent":0,"menu_order":0,"comment_status":"closed","ping_status":"closed","template":"page-templates\/homepage.php","meta":{"_uf_show_specific_survey":0,"_uf_disable_surveys":false,"footnotes":""},"class_list":["post-1067","page","type-page","status-publish","hentry"],"aioseo_notices":[],"_links":{"self":[{"href":"https:\/\/pronatura-noroeste.org\/cursos\/wp-json\/wp\/v2\/pages\/1067","targetHints":{"allow":["GET"]}}],"collection":[{"href":"https:\/\/pronatura-noroeste.org\/cursos\/wp-json\/wp\/v2\/pages"}],"about":[{"href":"https:\/\/pronatura-noroeste.org\/cursos\/wp-json\/wp\/v2\/types\/page"}],"author":[{"embeddable":true,"href":"https:\/\/pronatura-noroeste.org\/cursos\/wp-json\/wp\/v2\/users\/1"}],"replies":[{"embeddable":true,"href":"https:\/\/pronatura-noroeste.org\/cursos\/wp-json\/wp\/v2\/comments?post=1067"}],"version-history":[{"count":5,"href":"https:\/\/pronatura-noroeste.org\/cursos\/wp-json\/wp\/v2\/pages\/1067\/revisions"}],"predecessor-version":[{"id":3748,"href":"https:\/\/pronatura-noroeste.org\/cursos\/wp-json\/wp\/v2\/pages\/1067\/revisions\/3748"}],"wp:attachment":[{"href":"https:\/\/pronatura-noroeste.org\/cursos\/wp-json\/wp\/v2\/media?parent=1067"}],"curies":[{"name":"wp","href":"https:\/\/api.w.org\/{rel}","templated":true}]}}